6*m = -3*m - g. List the prime factors of m.
2, 11
Let p = -9 - -11. What are the prime factors of p?
2
Let o = 3 - 0. Let m be (2 - -3) + 1 + -4. Suppose -o + 19 = m*h. List the prime factors of h.
2
Let r be -16 + 1 + (3 - 1). Let u = r + 18. List the prime factors of u.
5
Let p(s) = 2*s**2 - 8. What are the prime factors of p(-5)?
2, 3, 7
Suppose -4*b - x - 2 = -5, -b = 5*x + 23. Suppose -2*y = 2*y - 4*n, -n + 9 = b*y. Let i = y + 0. What are the prime factors of i?
3
What are the prime factors of -4*4/(-16) + 46?
47
Suppose 0 = 2*w + 2*w - 3*z - 26, -5*w = -3*z - 31. Suppose w*l = 3*l + 3*b + 58, 0 = 5*l + 5*b - 95. List the prime factors of l.
23
Suppose 2*w + 3*z + 8 = 0, -3*w - 3*z = -4*z - 10. Suppose t - w*g = 6*t - 50, 0 = -4*t + g + 53. Suppose 3*p + 0*p = t. List the prime factors of p.
2
Suppose -2*a - 42 = 5*a. Let x(m) = -3 - 6*m + 2*m + m. What are the prime factors of x(a)?
3, 5
Suppose 0 = 2*q - 0*q - 4. Suppose -4*h - h - 2*a = -7, -q*h = -4*a - 22. What are the prime factors of h?
3
Let i = 0 + 3. Suppose -i*u + 6*u = -27. Let t = u - -21. List the prime factors of t.
2, 3
Suppose -y + 3*h = -157, -h = -4*y - 3*h + 698. What are the prime factors of y?
2, 43
Let k = 0 + -3. Let q = 4 - k. List the prime factors of q.
7
Let g(p) = 6*p + 28. List the prime factors of g(16).
2, 31
Suppose -7*w - 31 = 11. List the prime factors of 38 - (-2 - (w - -2)).
2, 3
Suppose -3*v + 10 = 2*v, -5*v - 26 = -4*u. List the prime factors of u.
3
Let y = 193 - 110. List the prime factors of y.
83
Let d(t) = -t**2 + 3*t + 7. Let g be d(5). What are the prime factors of (-224)/(-12) - 1/g?
19
Suppose w - 4*h = -7, -3*w - 3*h - 18 = 18. Let o = -6 - w. List the prime factors of o.
5
Suppose -3*a - 3024 = -11*a. What are the prime factors of a?
2, 3, 7
Suppose m - 3*m = 24. Let d = m - -35. List the prime factors of d.
23
Suppose -2*o + 42 = 2*u - 6*u, 5*o + 5*u = 150. Let g = -20 - -1. Let d = o + g. List the prime factors of d.
2
Let u = 11 + -6. Suppose 5*q = 3*t + 11, 3*t - q - u + 0 = 0. What are the prime factors of t?
3
Let t(p) = -p**2 - 6*p + 10. Let d be t(-7). Suppose 0*i - 27 = -d*i. What are the prime factors of i?
3
Let y be (-4)/(-6) - (-4)/3. Let t = 0 + y. Suppose f = -2, t*u - 2*f + 0*f = 10. List the prime factors of u.
3
Suppose -4*d - 93 = -d. Let w be ((-3)/6)/(1/(-102)). Let t = w + d. List the prime factors of t.
2, 5
What are the prime factors of (-38)/(-3)*243/18?
3, 19
Suppose -102 = -6*c + 3*c. Let t = 47 - c. List the prime factors of t.
13
Let g be (-1 - (-1)/(-1))*-30. Suppose -g = c - 6*c. List the prime factors of c.
2, 3
Let j(g) = g**3 - 4*g**2 - 3*g - 6. Let w = -2 - -7. Let x be j(w). Suppose -n - x*n + 10 = 0. List the prime factors of n.
2
Let k(b) = b**2 - b - 1. Let i be k(3). Suppose i*j - 11 = 39. Suppose -d - d = -j. What are the prime factors of d?
5
Suppose w + 40 = 5*z, 0*w + 11 = -z + 4*w. List the prime factors of z.
3
Suppose -2*f - 2*b + 4*b - 22 = 0, 0 = -5*f - 4*b - 10. Let i be 6*(-1 - f/4). What are the prime factors of 9/i + (-3 - -8)?
2
Let l = -2 - 4. Let j = 11 + l. Suppose -j*x + 35 = 3*v, 5*v + 17 = 4*x - 11. List the prime factors of x.
7
Let w be ((-2)/4)/((-2)/(-48)). Let m = 30 + w. List the prime factors of m.
2, 3
Suppose n = 4*g - 9, -g = 3*n - 2 + 3. Suppose q - 9 = 2*m, 8*m - 3*m + 24 = 4*q. What are the prime factors of (n - q)/(8/(-44))?
11
Let m(w) = 3 + 2 - 1 - 4*w. List the prime factors of m(-4).
2, 5
Let l = 198 + 7. List the prime factors of l.
5, 41
Let o be 4/3*(-9)/(-6). Suppose 4*r - 3*n = 2*n + 11, o*r - 13 = n. List the prime factors of r.
3
Suppose -3*b - 2*b = 0. Suppose m - 5*m + 3*p + 52 = b, -2*m + 5*p + 40 = 0. List the prime factors of m.
2, 5
Let u(i) = 18*i + 1. What are the prime factors of u(2)?
37
Let a = -9 - -4. Let k(w) = -w**3 - 4*w**2 + 5*w + 6. What are the prime factors of k(a)?
2, 3
Let n(f) = f**2 + 4*f + 4. Let q be n(-4). Suppose 0 = -2*l - 2*l + 2*u + 22, -4*l + 16 = q*u. What are the prime factors of l?
5
Let k = 27 + -22. Suppose 0 = -5*v - k, -v = -o - 4*v + 16. List the prime factors of o.
19
What are the prime factors of 1/3 + (-1221)/(-9)?
2, 17
Suppose j + 0*j = 5. Suppose j*m + 0 = 10. List the prime factors of m.
2
Let l(i) = -i**2 + 13*i + 10. Let x be l(10). What are the prime factors of 2/(-6) + x/3?
13
Let v = -41 - -85. What are the prime factors of v?
2, 11
Let k(b) = b - 7. Let f be k(9). List the prime factors of 3 - f*(-3 + -2).
13
Let f = -4 - -8. Let x(w) = w**3 - 2*w - w - 2 + 12*w**2 - 14*w**2 - 2*w. List the prime factors of x(f).
2, 5
What are the prime factors of 1 - -6 - (-12 - -8)?
11
Let d be 3/(-6) - (-5)/2. Let o be (0/d)/(-3 - -1). Suppose -a = -p - 0*p - 7, o = a - 4*p - 16. List the prime factors of a.
2
Suppose 0 = 3*a - a - z - 4, -20 = a + 5*z. Suppose -g - 2*g + 39 = a. List the prime factors of g.
13
Let i be (-60)/35 + 2/(-7). Let u be ((-16)/i)/((-8)/(-4)). Suppose -q - 51 = -u*q. List the prime factors of q.
17
Let p = 0 + 8. List the prime factors of 4/p - 62/(-4).
2
Let i(j) = -j - 6. Let p be i(-11). Suppose 3*o = p*o - m - 29, 2*m + 19 = o. What are the prime factors of o?
13
Suppose -15 + 5 = a. Let j be (-4)/(-20) - 358/a. Suppose 3*g = j - 3. What are the prime factors of g?
11
Let n(x) = -4*x + 9. Let c be n(8). Let o = c - -33. List the prime factors of o.
2, 5
Suppose -5*u = -2*q + 8, 1 - 13 = -3*q + 2*u. Suppose -3*s = -q*s + 4. List the prime factors of s.
2
Let h be -25*((-3)/(-15) - 1). List the prime factors of 25/h*(1 + 43).
5, 11
Suppose -k - 4*y + 18 = -0, -5*k + 4*y = 6. Suppose 3*l = -k*l + 85. What are the prime factors of l?
17
Let j = 57 + 14. What are the prime factors of j?
71
Let b = -9 + 15. Suppose -b = -j - j. What are the prime factors of ((-22)/j)/((-2)/3)?
11
Let t(f) = 2*f + 2. Let v be t(5). Suppose 2*q - 16 - v = 0. List the prime factors of q.
2, 7
Let k(o) = o**3 - o**2 + 2*o. Let i be k(2). What are the prime factors of i/12*18/4?
3
Let q(v) = -9*v + 1. List the prime factors of q(-23).
2, 13
Let m(a) be the first derivative of -a**3/3 + a**2/2 - a + 2. Let k(y) = 6*y**2 - 14*y + 3. Let o(u) = -k(u) - 5*m(u). What are the prime factors of o(8)?
2, 5
Let p be 5/(-1)*(-3)/5. Suppose -p*j - 2 + 4 = c, 5*c = 5*j - 10. Let m = 11 + j. What are the prime factors of m?
2, 3
Suppose -60 = -6*u + 2*u. Let i = -5 + u. What are the prime factors of i?
2, 5
Let r be (-6)/21 - (-4)/14. Suppose r = -3*q + 2*q + 15. List the prime factors of q.
3, 5
Let l(q) = -q**3 - q - 2. Let p be l(0). Let j = -2 - p. Suppose -4*s + 34 + 10 = j. What are the prime factors of s?
11
What are the prime factors of (-36)/(-162) + (-2984)/(-18)?
2, 83
Let x be 6/(-4) + (-59)/(-2). Suppose -x = -2*g + 2. List the prime factors of g.
3, 5
Suppose 57 = 5*k - 2*k. Suppose 3*h - 2*r = 9, 5*h + 0*r - 5*r = 20. Suppose -h = 2*x - k. List the prime factors of x.
3
Let h(f) = -f**3 - 5*f**2 + 2*f + 4. Let u be h(-5). List the prime factors of (-4)/u*(-36)/(-8).
3
Let k(g) = g**3 + 8*g**2 - g - 5. Let o be k(-8). Suppose -o*v - 2*r + 95 = 0, 6*v - 150 = 2*v + 2*r. What are the prime factors of v?
5, 7
What are the prime factors of 5/(-220)*-8 + 1932/22?
2, 11
Suppose 1586 = 6*c - 442. List the prime factors of c.
2, 13
Suppose -3*y - 41 = -2*c, 7 = -2*c - y + 52. List the prime factors of c.
2, 11
Let n be 1*4 - 0/(-6). Suppose q + 26 = -2*p, -3 = p + 2*q + n. What are the prime factors of 8/(-12)*(p - 0)?
2, 5
Let q(w) be the third derivative of -7*w**4/24 - 7*w**3/6 - 4*w**2. List the prime factors of q(-6).
5, 7
Let r(c) = -2*c**3 - 2*c**2 + 2*c. Suppose -2*s - 6 = -0. List the prime factors of r(s).
2, 3, 5
Let q(n) = -n**3 - 4*n**2 + 6*n + 5. Let t be q(-5). Suppose -l + 3*l = t. Let r = l + 8. List the prime factors of r.
2
Let r(k) = k**2 - 8*k + 12. Suppose 0*x = x + 5, -5*t + x + 30 = 0. Suppose -t*g = -0*g - 40. What are the prime factors of r(g)?
2, 3
Let n(c) = -c**3 - 7*c**2 - 5. Let z be n(-7). Let b(m) = -4*m - 2. What are the prime factors of b(z)?
2, 3
Let z(f) = -4*f - 7. List the prime factors of z(-9).
29
Suppose -f = 3*l - 318, 4*f = -5*l + 407 + 116. What are the prime factors of l?
107
Suppose -3*u = -4*u + 5. Suppose u + 99 = 4*a. What are the prime factors of a?
2, 13
Suppose -3